the prime factors of (1 + (-301)/u)/((-3)/40).
2, 5, 13
Let n(h) = 2*h. Let m(u) = 40*u + 32. Let t(o) = -3*m(o) + 42*n(o). What are the prime factors of t(-9)?
2, 3, 19
Let f(g) = 32*g**2 - 276*g - 3152. List the prime factors of f(-11).
2, 3, 313
Suppose 0 = -106*p + 62*p + 738848. What are the prime factors of p?
2, 2099
Let r = 130 - 127. Let u(z) = -15*z**2 + 23*z + 38*z**2 - 24*z - r. List the prime factors of u(2).
3, 29
Let y = 25 - 5. Let t = 22 - y. Suppose 416 = 4*p - t*s, -432 = -6*p + 2*p - 2*s. What are the prime factors of p?
2, 53
Suppose -149*q = -121*q + 156*q - 5157888. List the prime factors of q.
2, 3, 73
Let j = 187 - 172. Suppose -j + 411 = 2*x. What are the prime factors of x?
2, 3, 11
Suppose 3072*h - 275774 = 3055*h. List the prime factors of h.
2, 8111
Suppose -4*l + 26 = -y, 2*l + 3*y = 8*y + 22. Suppose l = -11*i - 5. List the prime factors of -1 - i - 10*(-21)/6.
5, 7
Suppose 12 + 30 = 3*v. List the prime factors of 538/((-2)/(-7) - (-10)/v).
2, 269
Suppose -3*z = 30*z - 606929 - 1444714. List the prime factors of z.
62171
Let d(z) = 3*z**2 + 108*z - 35. Let m be d(-33). Let l = m - -862. List the prime factors of l.
2, 5, 53
Let x(z) = -577*z - 8315. What are the prime factors of x(-83)?
2, 3, 17, 97
Let c(n) = -12*n**2 - 920*n - 55. What are the prime factors of c(-50)?
3, 5, 1063
Let z(q) = -131*q + 4. Let y be z(1). Let g = y + 75. Let x = g + 74. List the prime factors of x.
2, 11
Let h(y) = 2*y**3 - 59*y**2 + 95*y + 5. Let s(c) = c**3 - 30*c**2 + 48*c + 2. Let b(w) = -6*h(w) + 13*s(w). List the prime factors of b(35).
661
Suppose t + 5*q = 61958, 0 = -26*t + 28*t + 5*q - 123931. What are the prime factors of t?
29, 2137
Suppose 448 = 4*z + 4*y, -3*z - 5*y + 77 + 253 = 0. Let x = z - -287. What are the prime factors of x?
2, 3, 67
Let g = -15 - 1. Let f be (-2)/(-3)*(-3768)/g. Let w = -56 + f. List the prime factors of w.
101
Suppose -3*d = -2*g - 131, 0 = -2*d + 7*g - 6*g + 88. List the prime factors of 50724/d - 3/15.
7, 23
Suppose -429*a = -180*a - 3388890. What are the prime factors of a?
2, 5, 1361
Let s = -13338 + 22248. What are the prime factors of s?
2, 3, 5, 11
What are the prime factors of 8453 - (1419/1333 + (-2)/31)?
2, 2113
Suppose -1078 = 3*k + 2*d, -k - 4*d - 258 = 88. Let o = k - -764. List the prime factors of o.
2, 3, 67
Let g = -727 + 1387. Suppose -i = i - g. Suppose 7*l - i = l. What are the prime factors of l?
5, 11
Suppose -2*k + q + 206120 = 3*k, -q + 164905 = 4*k. List the prime factors of k.
5, 17, 97
Suppose -s + 2*s + 2*d = 0, -4*s + 27 = -d. List the prime factors of (-694 + -6)*s/(-15).
2, 5, 7
Suppose 144 = 2*a - 20*a. Let w(q) = -2*q**3 - 11*q**2 - 9*q - 8. What are the prime factors of w(a)?
2, 3
Let o(w) = w**3 + 4*w**2 + 3*w + 5. Let n be o(-3). Suppose -v - 4*m = 91, -317 - 33 = n*v - m. Let i = v + 140. What are the prime factors of i?
3, 23
Let y(w) = 6*w**2 + 62*w + 567. What are the prime factors of y(-8)?
5, 7, 13
Let q = -752 - -1262. Suppose 11*n = 16*n - q. What are the prime factors of n?
2, 3, 17
Let x be 5/(-1) - ((-3 - -3) + -2). Let b be (2 - -257) + x/(6/4). Suppose 2*v = 2*m + 474, 0*m = v + 4*m - b. List the prime factors of v.
241
Let a(o) = -95*o + 2. Let t(l) = 2*l - 2. Let b(n) = -a(n) + 4*t(n). List the prime factors of b(6).
2, 19
What are the prime factors of 250484/44 + ((-54)/66 + 4 - 3)?
5693
Suppose -45*y + 370 = 145. What are the prime factors of ((-4136)/24 - y)*(-63)/6?
2, 7, 19
Let m = -10552 - -22432. List the prime factors of m.
2, 3, 5, 11
Suppose 0 = u + 24 - 25. Let t be (u/(5/8))/((-18)/45). List the prime factors of (-3 - t)/(-1) + 170.
13
Let w = 9 - 265. List the prime factors of 5/((-50)/w)*(16 - -4).
2
Let h = 371 - 369. What are the prime factors of (h/(6/(-195)))/((-14)/154)?
5, 11, 13
Let w(m) = 5*m + 43. Let h be w(-8). Suppose -4*n = -5*t - 3827, n + h*t = 532 + 412. What are the prime factors of n?
953
Let m(a) = 8*a + 20 - 634*a - 283*a - 108*a. List the prime factors of m(-1).
17, 61
Suppose z - 851 = 5*a, 0 = -5*a - 4*z + 2*z - 863. Let v = 242 - -39. Let b = a + v. What are the prime factors of b?
2, 5, 11
Let q(z) = 83*z + 52. Let k(d) = 2574*d + 1611. Let s(w) = 6*k(w) - 189*q(w). What are the prime factors of s(-4)?
2, 3, 5
Suppose 106*h - 2523853 - 1758958 = -135*h. What are the prime factors of h?
13, 1367
Let x(d) = 9725*d - 451. What are the prime factors of x(2)?
3, 2111
Let g(w) = 2*w + 51. Let j be g(-14). Let u(c) = 18*c + 77. List the prime factors of u(j).
491
Let k(p) = 2*p + 37. Let g be k(-17). Let q be (-22 + -22)*-1*g. Suppose -2*d + q = d. List the prime factors of d.
2, 11
Let b(s) be the third derivative of 0*s + 1/2*s**3 + 0 - 19/24*s**4 + 28*s**2. List the prime factors of b(-8).
5, 31
Let y = 10013 + 7599. Suppose 46972 + y = 54*t. List the prime factors of t.
2, 13, 23
Let i(q) = 475*q - 3295. What are the prime factors of i(24)?
5, 1621
Let l(f) = f - 12. Let q be l(16). Suppose 3*b + 9 = 0, 61 - 23 = -2*p - q*b. Let u(m) = m**3 + 14*m**2 + 8*m - 24. List the prime factors of u(p).
41
Let x(l) = -10*l**2 + 24*l + 52. Let c be x(-7). Let k = -390 - c. What are the prime factors of k?
2, 3
Let t = 178 - 161. Let r(b) = 28*b - 25. What are the prime factors of r(t)?
11, 41
Let s = -8661 + 21970. What are the prime factors of s?
13309
Let x(y) = 3*y - 1. Let r(q) = -4*q. Let o(s) = -7*r(s) - 6*x(s). List the prime factors of o(16).
2, 83
Suppose -2*k + 4*t = -19928, 3*k + 5*t - 29928 = -t. What are the prime factors of k?
2, 5, 997
Suppose 9*m + 2*m - 12287 = 0. Suppose -3*k + h = -m - 1180, -4*h = -16. What are the prime factors of k?
13, 59
Suppose 15 = -5*s, 0 = -5*n - 3*s - 2*s + 8685. Suppose -13*g + n = -7*g. List the prime factors of g.
2, 5, 29
Suppose -1320 = -18*a - 114. Let m(g) = -a - 4*g + 11*g + 7*g + 0*g. What are the prime factors of m(19)?
199
Let k(u) = 4*u + 110. Let q be k(-18). Suppose -3*c + 42*j = q*j - 1530, 3*j - 2015 = -4*c. What are the prime factors of c?
2, 11, 23
Suppose 8 = -2*i, -3*p = i - 17 - 6. Suppose 17*s - p*s = 3480. What are the prime factors of s?
3, 5, 29
Let y(v) be the second derivative of 0 - 11/6*v**3 - 1/20*v**5 + 19/12*v**4 - 22*v**2 - 12*v. What are the prime factors of y(18)?
2, 41
Let p be (2/(-4) - 42/(-12)) + -3. Suppose p = -3*m + 7*m - 12. Suppose a - 1 + 0 = -x, -m*a = x + 7. List the prime factors of x.
5
Suppose 91*t - 1950695 = 2483735. What are the prime factors of t?
2, 5, 11, 443
Suppose -115*v + 120*v = -3*b + 10607, -5*b = v - 17671. List the prime factors of b.
2, 3, 19, 31
Suppose -288*t + 19484090 = 257*t - 147*t. What are the prime factors of t?
5, 9791
What are the prime factors of 4368270/270 + 2/9?
3, 5393
What are the prime factors of (9794/(-4) - 4)/((-18)/36)?
3, 5, 109
List the prime factors of 0 - 1373*-26 - (-145)/232*8.
3, 3967
Let r(s) = 8*s - 16. Let p be r(-15). Let o be (36/16)/((-3)/p). Suppose o = 6*d - 3*d. List the prime factors of d.
2, 17
Let g(m) = 3*m + 42. Let j be g(0). Let s = 45 - j. Suppose 5*t + 166 = 2*q, s*t - t + 85 = q. List the prime factors of q.
3, 31
Let f = 712 + -798. Suppose 5*o = 3*o - 10, 4*t = -3*o + 109. Let p = t - f. List the prime factors of p.
3, 13
Let k = 830 + 2757. What are the prime factors of k?
17, 211
Let f be -4 - ((-17 - 5) + 16). Let v(p) = 2*p**2 + 6*p - 4. Let w be v(-6). What are the prime factors of 45/(f*4/w)?
2, 3, 5
Suppose 45*g - 43*g + 2 = 0. What are the prime factors of ((2 - g) + 1)/(2/113)?
2, 113
Let l(u) = -7 + 12 - 144*u**2 + 132*u**2 + 16 - 9*u - u**3. Let j be l(-11). What are the prime factors of (-162)/j*(-2)/(-8)*4?
2, 3
Let y = -3754 + 6376. What are the prime factors of y?
2, 3, 19, 23
Let v(x) = x**2 - 8*x - 93. Suppose -2*g + g = 11. What are the prime factors of v(g)?
2, 29
Let f(g) = 26*g**3 + 2*g**2 - 14*g + 22. Suppose j = -2*p + 14, -2*j + p = -3*p + 12. List the prime factors of f(j).
2, 3, 277
Suppose 980 = 8*u - 268. Suppose u = z - 149. What are the prime factors of z?
5, 61
Suppose 0 = 6*p + 15*p + 39060. Let z = -946 - p. List the prime factors of z.
2, 457
Suppose 2*s + 50 = 3*q, -s = 2*s - 3*q + 72. Let a = -12 - s. Let x(t) = t + 16. List the prime factors of x(a).
2, 13
Let z = 19 - -32. Suppose -5*l + 1805 = -s, 412 = -8*l + 5*s + 